{"id":364,"date":"2016-05-05T23:06:19","date_gmt":"2016-05-05T22:06:19","guid":{"rendered":"http:\/\/labo.sebipic.fr\/?page_id=364"},"modified":"2025-04-23T15:51:05","modified_gmt":"2025-04-23T14:51:05","slug":"mes-photos","status":"publish","type":"page","link":"https:\/\/www.maisse-sebastien.fr\/index.php\/mes-photos\/","title":{"rendered":"Mes photos"},"content":{"rendered":"\n<p>Je fais de la photographie depuis mon adolescence. <\/p>\n\n\n\n<p>Au d\u00e9but, j&rsquo;ai d\u00e9couvert le domaine de la photo avec un appareil jetable puis avec un premier appareil photo argentique. Quelques ann\u00e9es plus tard, je me suis offert mon premi\u00e8re appareil photo num\u00e9rique puis mon premier reflex, un <strong>Pentax K10D<\/strong> que j&rsquo;ai conserv\u00e9 tr\u00e8s longtemps jusqu&rsquo;\u00e0 r\u00e9cemment o\u00f9 je suis pass\u00e9 sur un reflex reconditionn\u00e9 de la marque <strong>Pentax <\/strong>mod\u00e8le <strong>K5<\/strong> achet\u00e9 chez <a href=\"https:\/\/www.mpb.com\/fr-fr\" target=\"_blank\" rel=\"noreferrer noopener\">mbp<\/a> (une aventure en soi).<\/p>\n\n\n\n<p>Je publie r\u00e9guli\u00e8rement sur mon compte Instagram dont voici le lien <a href=\"https:\/\/www.instagram.com\/maissesebastien\">https:\/\/www.instagram.com\/maissesebastien<\/a><\/p>\n\n\n\n<p>Vous pouvez \u00e9galement trouver d&rsquo;autres photos sur ma galerie <a rel=\"noreferrer noopener\" aria-label=\" (s\u2019ouvre dans un nouvel onglet)\" href=\"https:\/\/500px.com\/maissesebastien\/galleries\" target=\"_blank\">500px<\/a> et <a rel=\"noreferrer noopener\" aria-label=\"Fotocommunity (s\u2019ouvre dans un nouvel onglet)\" href=\"https:\/\/portfolio.fotocommunity.fr\/portfolio-de-sebastien-maisse\" target=\"_blank\">Fotocommunity<\/a>.<\/p>\n\n\n\n<p>Je suis en train de tester la plateforme <a href=\"https:\/\/www.joomeo.com\/\" data-type=\"link\" data-id=\"https:\/\/www.joomeo.com\/\" target=\"_blank\" rel=\"noreferrer noopener\">Joomeo<\/a> dont voici le lien pour ma galerie publique : <a href=\"https:\/\/public.joomeo.com\/users\/maisse.sebastien\/albums\" target=\"_blank\" rel=\"noreferrer noopener\">Joomeo &#8211; Espace maisse.sebastien<\/a><\/p>\n","protected":false},"excerpt":{"rendered":"<p>Je fais de la photographie depuis mon adolescence. Au d\u00e9but, j&rsquo;ai d\u00e9couvert le domaine de la photo avec un appareil jetable puis avec un premier appareil photo argentique. Quelques ann\u00e9es plus tard, je me suis offert mon premi\u00e8re appareil photo &hellip; <a href=\"https:\/\/www.maisse-sebastien.fr\/index.php\/mes-photos\/\">Continuer la lecture <span class=\"meta-nav\">&rarr;<\/span><\/a><\/p>\n","protected":false},"author":1,"featured_media":0,"parent":0,"menu_order":0,"comment_status":"closed","ping_status":"closed","template":"","meta":{"ngg_post_thumbnail":0,"two_page_speed":[],"footnotes":""},"class_list":["post-364","page","type-page","status-publish","hentry"],"_links":{"self":[{"href":"https:\/\/www.maisse-sebastien.fr\/index.php\/wp-json\/wp\/v2\/pages\/364","targetHints":{"allow":["GET"]}}],"collection":[{"href":"https:\/\/www.maisse-sebastien.fr\/index.php\/wp-json\/wp\/v2\/pages"}],"about":[{"href":"https:\/\/www.maisse-sebastien.fr\/index.php\/wp-json\/wp\/v2\/types\/page"}],"author":[{"embeddable":true,"href":"https:\/\/www.maisse-sebastien.fr\/index.php\/wp-json\/wp\/v2\/users\/1"}],"replies":[{"embeddable":true,"href":"https:\/\/www.maisse-sebastien.fr\/index.php\/wp-json\/wp\/v2\/comments?post=364"}],"version-history":[{"count":16,"href":"https:\/\/www.maisse-sebastien.fr\/index.php\/wp-json\/wp\/v2\/pages\/364\/revisions"}],"predecessor-version":[{"id":1021,"href":"https:\/\/www.maisse-sebastien.fr\/index.php\/wp-json\/wp\/v2\/pages\/364\/revisions\/1021"}],"wp:attachment":[{"href":"https:\/\/www.maisse-sebastien.fr\/index.php\/wp-json\/wp\/v2\/media?parent=364"}],"curies":[{"name":"wp","href":"https:\/\/api.w.org\/{rel}","templated":true}]}}